{"id":81,"date":"2021-05-21T12:06:17","date_gmt":"2021-05-21T12:06:17","guid":{"rendered":"https:\/\/cuib.assoc.ro\/?page_id=81"},"modified":"2025-02-27T22:30:58","modified_gmt":"2025-02-27T22:30:58","slug":"acasa","status":"publish","type":"page","link":"https:\/\/fpc.assoc.ro\/","title":{"rendered":"Acas\u0103"},"content":{"rendered":"\t\t<div data-elementor-type=\"wp-page\" data-elementor-id=\"81\" class=\"elementor elementor-81\" data-elementor-post-type=\"page\">\n\t\t\t\t\t\t<section class=\"elementor-section elementor-top-section elementor-element elementor-element-3ef0383 elementor-section-full_width elementor-section-height-default elementor-section-height-default\" data-id=\"3ef0383\" data-element_type=\"section\" data-e-type=\"section\">\n\t\t\t\t\t\t<div class=\"elementor-container elementor-column-gap-default\">\n\t\t\t\t\t<div class=\"elementor-column elementor-col-100 elementor-top-column elementor-element elementor-element-ec5537e\" data-id=\"ec5537e\" data-element_type=\"column\" data-e-type=\"column\">\n\t\t\t<div class=\"elementor-widget-wrap elementor-element-populated\">\n\t\t\t\t\t\t<div class=\"elementor-element elementor-element-22466e0 elementor-widget elementor-widget-image\" data-id=\"22466e0\" data-element_type=\"widget\" data-e-type=\"widget\" data-widget_type=\"image.default\">\n\t\t\t\t\t\t\t\t\t\t\t\t\t\t\t<img fetchpriority=\"high\" decoding=\"async\" width=\"1920\" height=\"1080\" src=\"https:\/\/fpc.assoc.ro\/wp-content\/uploads\/2025\/02\/Competentele-Viitorului-Cover-1.png\" class=\"attachment-full size-full wp-image-45950\" alt=\"\" srcset=\"https:\/\/fpc.assoc.ro\/wp-content\/uploads\/2025\/02\/Competentele-Viitorului-Cover-1.png 1920w, https:\/\/fpc.assoc.ro\/wp-content\/uploads\/2025\/02\/Competentele-Viitorului-Cover-1-300x169.png 300w, https:\/\/fpc.assoc.ro\/wp-content\/uploads\/2025\/02\/Competentele-Viitorului-Cover-1-1024x576.png 1024w, https:\/\/fpc.assoc.ro\/wp-content\/uploads\/2025\/02\/Competentele-Viitorului-Cover-1-768x432.png 768w, https:\/\/fpc.assoc.ro\/wp-content\/uploads\/2025\/02\/Competentele-Viitorului-Cover-1-1536x864.png 1536w, https:\/\/fpc.assoc.ro\/wp-content\/uploads\/2025\/02\/Competentele-Viitorului-Cover-1-1200x675.png 1200w\" sizes=\"(max-width: 1920px) 100vw, 1920px\" \/>\t\t\t\t\t\t\t\t\t\t\t\t\t\t\t<\/div>\n\t\t\t\t\t<\/div>\n\t\t<\/div>\n\t\t\t\t\t<\/div>\n\t\t<\/section>\n\t\t\t\t<section class=\"elementor-section elementor-top-section elementor-element elementor-element-cb63bd1 elementor-section-boxed elementor-section-height-default elementor-section-height-default\" data-id=\"cb63bd1\" data-element_type=\"section\" data-e-type=\"section\">\n\t\t\t\t\t\t<div class=\"elementor-container elementor-column-gap-default\">\n\t\t\t\t\t<div class=\"elementor-column elementor-col-33 elementor-top-column elementor-element elementor-element-b51e3d9\" data-id=\"b51e3d9\" data-element_type=\"column\" data-e-type=\"column\">\n\t\t\t<div class=\"elementor-widget-wrap elementor-element-populated\">\n\t\t\t\t\t\t<div class=\"elementor-element elementor-element-31e7cb3 elementor-widget elementor-widget-image\" data-id=\"31e7cb3\" data-element_type=\"widget\" data-e-type=\"widget\" data-widget_type=\"image.default\">\n\t\t\t\t\t\t\t\t\t\t\t\t\t\t\t<img decoding=\"async\" width=\"350\" height=\"116\" src=\"https:\/\/fpc.assoc.ro\/wp-content\/uploads\/2025\/02\/Logo-312670-Competentele-Viitorului.png\" class=\"attachment-large size-large wp-image-45952\" alt=\"\" srcset=\"https:\/\/fpc.assoc.ro\/wp-content\/uploads\/2025\/02\/Logo-312670-Competentele-Viitorului.png 350w, https:\/\/fpc.assoc.ro\/wp-content\/uploads\/2025\/02\/Logo-312670-Competentele-Viitorului-300x99.png 300w\" sizes=\"(max-width: 350px) 100vw, 350px\" \/>\t\t\t\t\t\t\t\t\t\t\t\t\t\t\t<\/div>\n\t\t\t\t<div class=\"elementor-element elementor-element-3fe1b57 elementor-widget elementor-widget-text-editor\" data-id=\"3fe1b57\" data-element_type=\"widget\" data-e-type=\"widget\" data-widget_type=\"text-editor.default\">\n\t\t\t\t\t\t\t\t\t<h4>PROIECT<\/h4><p><strong>Competen\u021bele Viitorului:<\/strong> Actualizare si dezvoltare profesional\u0103 \u00een era digital\u0103 \u0219i a economiei verzi <br style=\"letter-spacing: -0.27px;\" \/>Cod SMIS: 312670<\/p>\t\t\t\t\t\t\t\t<\/div>\n\t\t\t\t\t<\/div>\n\t\t<\/div>\n\t\t\t\t<div class=\"elementor-column elementor-col-33 elementor-top-column elementor-element elementor-element-2735365\" data-id=\"2735365\" data-element_type=\"column\" data-e-type=\"column\">\n\t\t\t<div class=\"elementor-widget-wrap elementor-element-populated\">\n\t\t\t\t\t\t<div class=\"elementor-element elementor-element-7a45b6c elementor-view-stacked elementor-shape-square elementor-invisible elementor-widget elementor-widget-icon\" data-id=\"7a45b6c\" data-element_type=\"widget\" data-e-type=\"widget\" data-settings=\"{&quot;motion_fx_motion_fx_mouse&quot;:&quot;yes&quot;,&quot;_animation&quot;:&quot;fadeInDown&quot;}\" data-widget_type=\"icon.default\">\n\t\t\t\t\t\t\t<div class=\"elementor-icon-wrapper\">\n\t\t\t<div class=\"elementor-icon\">\n\t\t\t<svg aria-hidden=\"true\" class=\"e-font-icon-svg e-fas-file-pdf\" viewBox=\"0 0 384 512\" xmlns=\"http:\/\/www.w3.org\/2000\/svg\"><path d=\"M181.9 256.1c-5-16-4.9-46.9-2-46.9 8.4 0 7.6 36.9 2 46.9zm-1.7 47.2c-7.7 20.2-17.3 43.3-28.4 62.7 18.3-7 39-17.2 62.9-21.9-12.7-9.6-24.9-23.4-34.5-40.8zM86.1 428.1c0 .8 13.2-5.4 34.9-40.2-6.7 6.3-29.1 24.5-34.9 40.2zM248 160h136v328c0 13.3-10.7 24-24 24H24c-13.3 0-24-10.7-24-24V24C0 10.7 10.7 0 24 0h200v136c0 13.2 10.8 24 24 24zm-8 171.8c-20-12.2-33.3-29-42.7-53.8 4.5-18.5 11.6-46.6 6.2-64.2-4.7-29.4-42.4-26.5-47.8-6.8-5 18.3-.4 44.1 8.1 77-11.6 27.6-28.7 64.6-40.8 85.8-.1 0-.1.1-.2.1-27.1 13.9-73.6 44.5-54.5 68 5.6 6.9 16 10 21.5 10 17.9 0 35.7-18 61.1-61.8 25.8-8.5 54.1-19.1 79-23.2 21.7 11.8 47.1 19.5 64 19.5 29.2 0 31.2-32 19.7-43.4-13.9-13.6-54.3-9.7-73.6-7.2zM377 105L279 7c-4.5-4.5-10.6-7-17-7h-6v128h128v-6.1c0-6.3-2.5-12.4-7-16.9zm-74.1 255.3c4.1-2.7-2.5-11.9-42.8-9 37.1 15.8 42.8 9 42.8 9z\"><\/path><\/svg>\t\t\t<\/div>\n\t\t<\/div>\n\t\t\t\t\t\t<\/div>\n\t\t\t\t<div class=\"elementor-element elementor-element-831cf5b elementor-widget elementor-widget-text-editor\" data-id=\"831cf5b\" data-element_type=\"widget\" data-e-type=\"widget\" data-widget_type=\"text-editor.default\">\n\t\t\t\t\t\t\t\t\t<h4>PREZENTARE<\/h4><p><b>Vezi detaliile proiectului<\/b><\/p>\t\t\t\t\t\t\t\t<\/div>\n\t\t\t\t<div class=\"elementor-element elementor-element-156b384 elementor-align-center elementor-widget elementor-widget-button\" data-id=\"156b384\" data-element_type=\"widget\" data-e-type=\"widget\" data-widget_type=\"button.default\">\n\t\t\t\t\t\t\t\t\t\t<a class=\"elementor-button elementor-button-link elementor-size-sm\" href=\"https:\/\/fpc.assoc.ro\/wp-content\/uploads\/2025\/02\/Prezentare-proiect-Tine-Pasul-312670-nov-2024.pptx\">\n\t\t\t\t\t\t<span class=\"elementor-button-content-wrapper\">\n\t\t\t\t\t\t\t\t\t<span class=\"elementor-button-text\">DESCHIDE DOCUMENTUL<\/span>\n\t\t\t\t\t<\/span>\n\t\t\t\t\t<\/a>\n\t\t\t\t\t\t\t\t<\/div>\n\t\t\t\t\t<\/div>\n\t\t<\/div>\n\t\t\t\t<div class=\"elementor-column elementor-col-33 elementor-top-column elementor-element elementor-element-e8c4be2\" data-id=\"e8c4be2\" data-element_type=\"column\" data-e-type=\"column\">\n\t\t\t<div class=\"elementor-widget-wrap elementor-element-populated\">\n\t\t\t\t\t\t<div class=\"elementor-element elementor-element-be5821a elementor-view-stacked elementor-shape-square elementor-invisible elementor-widget elementor-widget-icon\" data-id=\"be5821a\" data-element_type=\"widget\" data-e-type=\"widget\" data-settings=\"{&quot;motion_fx_motion_fx_mouse&quot;:&quot;yes&quot;,&quot;_animation&quot;:&quot;fadeInDown&quot;}\" data-widget_type=\"icon.default\">\n\t\t\t\t\t\t\t<div class=\"elementor-icon-wrapper\">\n\t\t\t<div class=\"elementor-icon\">\n\t\t\t<svg aria-hidden=\"true\" class=\"e-font-icon-svg e-far-calendar-alt\" viewBox=\"0 0 448 512\" xmlns=\"http:\/\/www.w3.org\/2000\/svg\"><path d=\"M148 288h-40c-6.6 0-12-5.4-12-12v-40c0-6.6 5.4-12 12-12h40c6.6 0 12 5.4 12 12v40c0 6.6-5.4 12-12 12zm108-12v-40c0-6.6-5.4-12-12-12h-40c-6.6 0-12 5.4-12 12v40c0 6.6 5.4 12 12 12h40c6.6 0 12-5.4 12-12zm96 0v-40c0-6.6-5.4-12-12-12h-40c-6.6 0-12 5.4-12 12v40c0 6.6 5.4 12 12 12h40c6.6 0 12-5.4 12-12zm-96 96v-40c0-6.6-5.4-12-12-12h-40c-6.6 0-12 5.4-12 12v40c0 6.6 5.4 12 12 12h40c6.6 0 12-5.4 12-12zm-96 0v-40c0-6.6-5.4-12-12-12h-40c-6.6 0-12 5.4-12 12v40c0 6.6 5.4 12 12 12h40c6.6 0 12-5.4 12-12zm192 0v-40c0-6.6-5.4-12-12-12h-40c-6.6 0-12 5.4-12 12v40c0 6.6 5.4 12 12 12h40c6.6 0 12-5.4 12-12zm96-260v352c0 26.5-21.5 48-48 48H48c-26.5 0-48-21.5-48-48V112c0-26.5 21.5-48 48-48h48V12c0-6.6 5.4-12 12-12h40c6.6 0 12 5.4 12 12v52h128V12c0-6.6 5.4-12 12-12h40c6.6 0 12 5.4 12 12v52h48c26.5 0 48 21.5 48 48zm-48 346V160H48v298c0 3.3 2.7 6 6 6h340c3.3 0 6-2.7 6-6z\"><\/path><\/svg>\t\t\t<\/div>\n\t\t<\/div>\n\t\t\t\t\t\t<\/div>\n\t\t\t\t<div class=\"elementor-element elementor-element-1c15549 elementor-widget elementor-widget-text-editor\" data-id=\"1c15549\" data-element_type=\"widget\" data-e-type=\"widget\" data-widget_type=\"text-editor.default\">\n\t\t\t\t\t\t\t\t\t<h4>DURAT\u0102<\/h4><p><strong>Durat\u0103 de implementare:<br \/><\/strong>01.09.2024 \u0219i 28.02.2027<\/p>\t\t\t\t\t\t\t\t<\/div>\n\t\t\t\t\t<\/div>\n\t\t<\/div>\n\t\t\t\t\t<\/div>\n\t\t<\/section>\n\t\t\t\t<section class=\"elementor-section elementor-top-section elementor-element elementor-element-d173a84 elementor-section-boxed elementor-section-height-default elementor-section-height-default\" data-id=\"d173a84\" data-element_type=\"section\" data-e-type=\"section\">\n\t\t\t\t\t\t<div class=\"elementor-container elementor-column-gap-default\">\n\t\t\t\t\t<div class=\"elementor-column elementor-col-100 elementor-top-column elementor-element elementor-element-0b9f917\" data-id=\"0b9f917\" data-element_type=\"column\" data-e-type=\"column\">\n\t\t\t<div class=\"elementor-widget-wrap elementor-element-populated\">\n\t\t\t\t\t\t<div class=\"elementor-element elementor-element-ec9a07b elementor-widget elementor-widget-text-editor\" data-id=\"ec9a07b\" data-element_type=\"widget\" data-e-type=\"widget\" data-widget_type=\"text-editor.default\">\n\t\t\t\t\t\t\t\t\t<h3>OBIECTIVUL PROIECTULUI<\/h3>\t\t\t\t\t\t\t\t<\/div>\n\t\t\t\t<div class=\"elementor-element elementor-element-28e03d0 elementor-widget elementor-widget-text-editor\" data-id=\"28e03d0\" data-element_type=\"widget\" data-e-type=\"widget\" data-widget_type=\"text-editor.default\">\n\t\t\t\t\t\t\t\t\t<p>Obiectivul general al proiectului este de actualizare a competentelor specifice a angaja\u021bilor ca o consecin\u021ba a evolu\u021biilor tehnologice rapide si a apari\u021biei de noi competente, prin ac\u021biuni relevante, pentru un num\u0103r de 604 persoane angajate in \u00eentreprinderi din Regiunea Nord-Vest, care sa le permit\u0103 accesul la un loc de munca sau p\u0103strarea unui loc de munca, in urma particip\u0103rii la un pachet complex de masuri integrate si flexibile de informare, consiliere si formare, ce va contribui in acela\u0219i timp si la promovarea \u00eenv\u0103\u021b\u0103rii pe tot parcursul vie\u021bii.<\/p>\t\t\t\t\t\t\t\t<\/div>\n\t\t\t\t\t<\/div>\n\t\t<\/div>\n\t\t\t\t\t<\/div>\n\t\t<\/section>\n\t\t\t\t<section class=\"elementor-section elementor-top-section elementor-element elementor-element-6e9e30c elementor-section-boxed elementor-section-height-default elementor-section-height-default\" data-id=\"6e9e30c\" data-element_type=\"section\" data-e-type=\"section\">\n\t\t\t\t\t\t<div class=\"elementor-container elementor-column-gap-default\">\n\t\t\t\t\t<div class=\"elementor-column elementor-col-25 elementor-top-column elementor-element elementor-element-5d890a3\" data-id=\"5d890a3\" data-element_type=\"column\" data-e-type=\"column\">\n\t\t\t<div class=\"elementor-widget-wrap elementor-element-populated\">\n\t\t\t\t\t\t<div class=\"elementor-element elementor-element-e4e43fa elementor-widget elementor-widget-counter\" data-id=\"e4e43fa\" data-element_type=\"widget\" data-e-type=\"widget\" data-widget_type=\"counter.default\">\n\t\t\t\t\t\t\t<div class=\"elementor-counter\">\n\t\t\t<div class=\"elementor-counter-title\">Participan\u021bi<\/div>\t\t\t<div class=\"elementor-counter-number-wrapper\">\n\t\t\t\t<span class=\"elementor-counter-number-prefix\">+<\/span>\n\t\t\t\t<span class=\"elementor-counter-number\" data-duration=\"2000\" data-to-value=\"604\" data-from-value=\"0\" data-delimiter=\".\">0<\/span>\n\t\t\t\t<span class=\"elementor-counter-number-suffix\"><\/span>\n\t\t\t<\/div>\n\t\t<\/div>\n\t\t\t\t\t\t<\/div>\n\t\t\t\t\t<\/div>\n\t\t<\/div>\n\t\t\t\t<div class=\"elementor-column elementor-col-25 elementor-top-column elementor-element elementor-element-4c3d450\" data-id=\"4c3d450\" data-element_type=\"column\" data-e-type=\"column\">\n\t\t\t<div class=\"elementor-widget-wrap elementor-element-populated\">\n\t\t\t\t\t\t<div class=\"elementor-element elementor-element-4ec7cd2 elementor-widget elementor-widget-counter\" data-id=\"4ec7cd2\" data-element_type=\"widget\" data-e-type=\"widget\" data-widget_type=\"counter.default\">\n\t\t\t\t\t\t\t<div class=\"elementor-counter\">\n\t\t\t<div class=\"elementor-counter-title\">CERTIFICA\u021aI<\/div>\t\t\t<div class=\"elementor-counter-number-wrapper\">\n\t\t\t\t<span class=\"elementor-counter-number-prefix\">+<\/span>\n\t\t\t\t<span class=\"elementor-counter-number\" data-duration=\"2000\" data-to-value=\"493\" data-from-value=\"0\" data-delimiter=\",\">0<\/span>\n\t\t\t\t<span class=\"elementor-counter-number-suffix\"><\/span>\n\t\t\t<\/div>\n\t\t<\/div>\n\t\t\t\t\t\t<\/div>\n\t\t\t\t\t<\/div>\n\t\t<\/div>\n\t\t\t\t<div class=\"elementor-column elementor-col-25 elementor-top-column elementor-element elementor-element-0206c36\" data-id=\"0206c36\" data-element_type=\"column\" data-e-type=\"column\">\n\t\t\t<div class=\"elementor-widget-wrap elementor-element-populated\">\n\t\t\t\t\t\t<div class=\"elementor-element elementor-element-581ae0f elementor-widget elementor-widget-counter\" data-id=\"581ae0f\" data-element_type=\"widget\" data-e-type=\"widget\" data-widget_type=\"counter.default\">\n\t\t\t\t\t\t\t<div class=\"elementor-counter\">\n\t\t\t<div class=\"elementor-counter-title\">CURSAN\u021aI<\/div>\t\t\t<div class=\"elementor-counter-number-wrapper\">\n\t\t\t\t<span class=\"elementor-counter-number-prefix\">+<\/span>\n\t\t\t\t<span class=\"elementor-counter-number\" data-duration=\"2000\" data-to-value=\"510\" data-from-value=\"0\" data-delimiter=\",\">0<\/span>\n\t\t\t\t<span class=\"elementor-counter-number-suffix\"><\/span>\n\t\t\t<\/div>\n\t\t<\/div>\n\t\t\t\t\t\t<\/div>\n\t\t\t\t\t<\/div>\n\t\t<\/div>\n\t\t\t\t<div class=\"elementor-column elementor-col-25 elementor-top-column elementor-element elementor-element-c92b0d8\" data-id=\"c92b0d8\" data-element_type=\"column\" data-e-type=\"column\">\n\t\t\t<div class=\"elementor-widget-wrap elementor-element-populated\">\n\t\t\t\t\t\t<div class=\"elementor-element elementor-element-9196e2f elementor-widget elementor-widget-counter\" data-id=\"9196e2f\" data-element_type=\"widget\" data-e-type=\"widget\" data-widget_type=\"counter.default\">\n\t\t\t\t\t\t\t<div class=\"elementor-counter\">\n\t\t\t<div class=\"elementor-counter-title\">ANGAJA\u021aI<\/div>\t\t\t<div class=\"elementor-counter-number-wrapper\">\n\t\t\t\t<span class=\"elementor-counter-number-prefix\">+<\/span>\n\t\t\t\t<span class=\"elementor-counter-number\" data-duration=\"2000\" data-to-value=\"94\" data-from-value=\"0\" data-delimiter=\",\">0<\/span>\n\t\t\t\t<span class=\"elementor-counter-number-suffix\"><\/span>\n\t\t\t<\/div>\n\t\t<\/div>\n\t\t\t\t\t\t<\/div>\n\t\t\t\t\t<\/div>\n\t\t<\/div>\n\t\t\t\t\t<\/div>\n\t\t<\/section>\n\t\t\t\t<\/div>\n\t\t","protected":false},"excerpt":{"rendered":"<p>PROIECT Competen\u021bele Viitorului: Actualizare si dezvoltare profesional\u0103 \u00een era digital\u0103 \u0219i a economiei verzi Cod SMIS: 312670 &nbsp; PREZENTARE Vezi detaliile proiectului DESCHIDE DOCUMENTUL DURAT\u0102 Durat\u0103 de implementare: 01.09.2024 \u0219i 28.02.2027 OBIECTIVUL PROIECTULUI Obiectivul general al proiectului este de actualizare a competentelor specifice a angaja\u021bilor ca o consecin\u021ba a evolu\u021biilor tehnologice rapide si a apari\u021biei [&hellip;]<\/p>\n","protected":false},"author":1,"featured_media":0,"parent":0,"menu_order":0,"comment_status":"closed","ping_status":"closed","template":"elementor_header_footer","meta":{"footnotes":""},"class_list":["post-81","page","type-page","status-publish","hentry"],"yoast_head":"<!-- This site is optimized with the Yoast SEO plugin v27.3 - https:\/\/yoast.com\/product\/yoast-seo-wordpress\/ -->\n<title>Acas\u0103 -<\/title>\n<meta name=\"robots\" content=\"index, follow, max-snippet:-1, max-image-preview:large, max-video-preview:-1\" \/>\n<link rel=\"canonical\" href=\"https:\/\/fpc.assoc.ro\/\" \/>\n<meta property=\"og:locale\" content=\"en_US\" \/>\n<meta property=\"og:type\" content=\"article\" \/>\n<meta property=\"og:title\" content=\"Acas\u0103 -\" \/>\n<meta property=\"og:description\" content=\"PROIECT Competen\u021bele Viitorului: Actualizare si dezvoltare profesional\u0103 \u00een era digital\u0103 \u0219i a economiei verzi Cod SMIS: 312670 &nbsp; PREZENTARE Vezi detaliile proiectului DESCHIDE DOCUMENTUL DURAT\u0102 Durat\u0103 de implementare: 01.09.2024 \u0219i 28.02.2027 OBIECTIVUL PROIECTULUI Obiectivul general al proiectului este de actualizare a competentelor specifice a angaja\u021bilor ca o consecin\u021ba a evolu\u021biilor tehnologice rapide si a apari\u021biei [&hellip;]\" \/>\n<meta property=\"og:url\" content=\"https:\/\/fpc.assoc.ro\/\" \/>\n<meta property=\"article:modified_time\" content=\"2025-02-27T22:30:58+00:00\" \/>\n<meta property=\"og:image\" content=\"https:\/\/fpc.assoc.ro\/wp-content\/uploads\/2025\/02\/Competentele-Viitorului-Cover-1.png\" \/>\n\t<meta property=\"og:image:width\" content=\"1920\" \/>\n\t<meta property=\"og:image:height\" content=\"1080\" \/>\n\t<meta property=\"og:image:type\" content=\"image\/png\" \/>\n<meta name=\"twitter:card\" content=\"summary_large_image\" \/>\n<meta name=\"twitter:label1\" content=\"Est. reading time\" \/>\n\t<meta name=\"twitter:data1\" content=\"1 minute\" \/>\n<script type=\"application\/ld+json\" class=\"yoast-schema-graph\">{\"@context\":\"https:\\\/\\\/schema.org\",\"@graph\":[{\"@type\":\"WebPage\",\"@id\":\"https:\\\/\\\/fpc.assoc.ro\\\/\",\"url\":\"https:\\\/\\\/fpc.assoc.ro\\\/\",\"name\":\"Acas\u0103 -\",\"isPartOf\":{\"@id\":\"https:\\\/\\\/fpc.assoc.ro\\\/#website\"},\"primaryImageOfPage\":{\"@id\":\"https:\\\/\\\/fpc.assoc.ro\\\/#primaryimage\"},\"image\":{\"@id\":\"https:\\\/\\\/fpc.assoc.ro\\\/#primaryimage\"},\"thumbnailUrl\":\"https:\\\/\\\/fpc.assoc.ro\\\/wp-content\\\/uploads\\\/2025\\\/02\\\/Competentele-Viitorului-Cover-1.png\",\"datePublished\":\"2021-05-21T12:06:17+00:00\",\"dateModified\":\"2025-02-27T22:30:58+00:00\",\"breadcrumb\":{\"@id\":\"https:\\\/\\\/fpc.assoc.ro\\\/#breadcrumb\"},\"inLanguage\":\"en-US\",\"potentialAction\":[{\"@type\":\"ReadAction\",\"target\":[\"https:\\\/\\\/fpc.assoc.ro\\\/\"]}]},{\"@type\":\"ImageObject\",\"inLanguage\":\"en-US\",\"@id\":\"https:\\\/\\\/fpc.assoc.ro\\\/#primaryimage\",\"url\":\"https:\\\/\\\/fpc.assoc.ro\\\/wp-content\\\/uploads\\\/2025\\\/02\\\/Competentele-Viitorului-Cover-1.png\",\"contentUrl\":\"https:\\\/\\\/fpc.assoc.ro\\\/wp-content\\\/uploads\\\/2025\\\/02\\\/Competentele-Viitorului-Cover-1.png\",\"width\":1920,\"height\":1080},{\"@type\":\"BreadcrumbList\",\"@id\":\"https:\\\/\\\/fpc.assoc.ro\\\/#breadcrumb\",\"itemListElement\":[{\"@type\":\"ListItem\",\"position\":1,\"name\":\"Home\",\"item\":\"https:\\\/\\\/fpc.assoc.ro\\\/\"},{\"@type\":\"ListItem\",\"position\":2,\"name\":\"Acas\u0103\"}]},{\"@type\":\"WebSite\",\"@id\":\"https:\\\/\\\/fpc.assoc.ro\\\/#website\",\"url\":\"https:\\\/\\\/fpc.assoc.ro\\\/\",\"name\":\"\",\"description\":\"\",\"potentialAction\":[{\"@type\":\"SearchAction\",\"target\":{\"@type\":\"EntryPoint\",\"urlTemplate\":\"https:\\\/\\\/fpc.assoc.ro\\\/?s={search_term_string}\"},\"query-input\":{\"@type\":\"PropertyValueSpecification\",\"valueRequired\":true,\"valueName\":\"search_term_string\"}}],\"inLanguage\":\"en-US\"}]}<\/script>\n<!-- \/ Yoast SEO plugin. -->","yoast_head_json":{"title":"Acas\u0103 -","robots":{"index":"index","follow":"follow","max-snippet":"max-snippet:-1","max-image-preview":"max-image-preview:large","max-video-preview":"max-video-preview:-1"},"canonical":"https:\/\/fpc.assoc.ro\/","og_locale":"en_US","og_type":"article","og_title":"Acas\u0103 -","og_description":"PROIECT Competen\u021bele Viitorului: Actualizare si dezvoltare profesional\u0103 \u00een era digital\u0103 \u0219i a economiei verzi Cod SMIS: 312670 &nbsp; PREZENTARE Vezi detaliile proiectului DESCHIDE DOCUMENTUL DURAT\u0102 Durat\u0103 de implementare: 01.09.2024 \u0219i 28.02.2027 OBIECTIVUL PROIECTULUI Obiectivul general al proiectului este de actualizare a competentelor specifice a angaja\u021bilor ca o consecin\u021ba a evolu\u021biilor tehnologice rapide si a apari\u021biei [&hellip;]","og_url":"https:\/\/fpc.assoc.ro\/","article_modified_time":"2025-02-27T22:30:58+00:00","og_image":[{"width":1920,"height":1080,"url":"https:\/\/fpc.assoc.ro\/wp-content\/uploads\/2025\/02\/Competentele-Viitorului-Cover-1.png","type":"image\/png"}],"twitter_card":"summary_large_image","twitter_misc":{"Est. reading time":"1 minute"},"schema":{"@context":"https:\/\/schema.org","@graph":[{"@type":"WebPage","@id":"https:\/\/fpc.assoc.ro\/","url":"https:\/\/fpc.assoc.ro\/","name":"Acas\u0103 -","isPartOf":{"@id":"https:\/\/fpc.assoc.ro\/#website"},"primaryImageOfPage":{"@id":"https:\/\/fpc.assoc.ro\/#primaryimage"},"image":{"@id":"https:\/\/fpc.assoc.ro\/#primaryimage"},"thumbnailUrl":"https:\/\/fpc.assoc.ro\/wp-content\/uploads\/2025\/02\/Competentele-Viitorului-Cover-1.png","datePublished":"2021-05-21T12:06:17+00:00","dateModified":"2025-02-27T22:30:58+00:00","breadcrumb":{"@id":"https:\/\/fpc.assoc.ro\/#breadcrumb"},"inLanguage":"en-US","potentialAction":[{"@type":"ReadAction","target":["https:\/\/fpc.assoc.ro\/"]}]},{"@type":"ImageObject","inLanguage":"en-US","@id":"https:\/\/fpc.assoc.ro\/#primaryimage","url":"https:\/\/fpc.assoc.ro\/wp-content\/uploads\/2025\/02\/Competentele-Viitorului-Cover-1.png","contentUrl":"https:\/\/fpc.assoc.ro\/wp-content\/uploads\/2025\/02\/Competentele-Viitorului-Cover-1.png","width":1920,"height":1080},{"@type":"BreadcrumbList","@id":"https:\/\/fpc.assoc.ro\/#breadcrumb","itemListElement":[{"@type":"ListItem","position":1,"name":"Home","item":"https:\/\/fpc.assoc.ro\/"},{"@type":"ListItem","position":2,"name":"Acas\u0103"}]},{"@type":"WebSite","@id":"https:\/\/fpc.assoc.ro\/#website","url":"https:\/\/fpc.assoc.ro\/","name":"","description":"","potentialAction":[{"@type":"SearchAction","target":{"@type":"EntryPoint","urlTemplate":"https:\/\/fpc.assoc.ro\/?s={search_term_string}"},"query-input":{"@type":"PropertyValueSpecification","valueRequired":true,"valueName":"search_term_string"}}],"inLanguage":"en-US"}]}},"_links":{"self":[{"href":"https:\/\/fpc.assoc.ro\/index.php?rest_route=\/wp\/v2\/pages\/81","targetHints":{"allow":["GET"]}}],"collection":[{"href":"https:\/\/fpc.assoc.ro\/index.php?rest_route=\/wp\/v2\/pages"}],"about":[{"href":"https:\/\/fpc.assoc.ro\/index.php?rest_route=\/wp\/v2\/types\/page"}],"author":[{"embeddable":true,"href":"https:\/\/fpc.assoc.ro\/index.php?rest_route=\/wp\/v2\/users\/1"}],"replies":[{"embeddable":true,"href":"https:\/\/fpc.assoc.ro\/index.php?rest_route=%2Fwp%2Fv2%2Fcomments&post=81"}],"version-history":[{"count":117,"href":"https:\/\/fpc.assoc.ro\/index.php?rest_route=\/wp\/v2\/pages\/81\/revisions"}],"predecessor-version":[{"id":45966,"href":"https:\/\/fpc.assoc.ro\/index.php?rest_route=\/wp\/v2\/pages\/81\/revisions\/45966"}],"wp:attachment":[{"href":"https:\/\/fpc.assoc.ro\/index.php?rest_route=%2Fwp%2Fv2%2Fmedia&parent=81"}],"curies":[{"name":"wp","href":"https:\/\/api.w.org\/{rel}","templated":true}]}}